 Let q be p(-10). Suppose -3*b + 5*m + 24 = -0*m, 0 = 3*b + q*m + 3. What is the units digit of b?
3
Suppose -3*g - 2*g + 15 = 0. Let d = 4 - g. What is the units digit of d?
1
Suppose 2*t = 2*y + 70, -t + 132 = 3*t - 2*y. What is the tens digit of t?
3
What is the units digit of 5/((-5)/(-2)) + 80?
2
Let k = -12 - -4. Let m = k - -5. Let b = m - -12. What is the units digit of b?
9
Suppose -114 = -3*h + 3*o, 5*h - h - 124 = -3*o. What is the units digit of h/4 - (-1)/(-2)?
8
Let g be (8/(-28))/(2/(-14)). Let p be -2*g/(2/5). What is the units digit of 4/p + 60/25?
2
Let m be 0 - (1 + (-13 - 1)). Suppose m + 2 = 5*s. Suppose -4*w + 6 = -s*w. What is the units digit of w?
6
Let l(j) = j + 1. Let s(h) = 12*h + 16. Let g(t) = -28*l(t) + 2*s(t). What is the units digit of g(-3)?
6
Suppose 5*i + 0*i + f - 71 = 0, 5*i + 4*f - 59 = 0. Suppose -4*z = -z - i. What is the units digit of z?
5
Suppose -r = 1 - 0. Suppose -16 = -4*z + 4*g, g = -5*z + 3 + 5. Let f = r + z. What is the units digit of f?
1
Let k = 1 - -2. Suppose 0 = k*h + h + 5*c - 47, -5*h = 4*c - 61. What is the tens digit of h?
1
Suppose -6 = -n - 0*n. Suppose -5*h + n*l + 27 = 5*l, 0 = -4*l - 8. What is the units digit of h?
5
Let b = 3 - 8. Let n(x) = -4*x - 6. Let v be n(b). Let u = 35 - v. What is the tens digit of u?
2
Suppose 0 = 2*n - 0*n + 2*v - 114, 2*v = n - 57. Let w = 99 - n. Let u = w - 28. What is the tens digit of u?
1
Suppose -4*x + 5 = -11. What is the units digit of (-3)/(-12) + 23/x?
6
Let n(g) = -g + 3. Let z(u) = -1. Let t(c) = -n(c) - 2*z(c). Let w be t(6). Suppose 3*a - 5*l = -2*l + 12, -8 = -2*a + w*l. What is the units digit of a?
4
Let o = 1 + 18. What is the units digit of o?
9
Suppose -4*m - 3*i + 33 - 7 = 0, 0 = 2*i - 4. Suppose f - 95 = m*n + 3*f, n - f + 26 = 0. What is the tens digit of (n/(-3) - -2) + 1?
1
Suppose 0 = 3*a - g + 6 - 30, 4*a = -2*g + 32. What is the units digit of (-2)/a - 10/(-8)?
1
Suppose 0*y + 4*y - 252 = 0. What is the units digit of y?
3
Let m(x) = 7*x - 1. What is the units digit of m(3)?
0
What is the tens digit of 6/9*471 - 0?
1
Let m = -13 - -13. What is the units digit of -1*(m - (-1 - -4))?
3
Let o(p) = -3*p - 1. Let i(q) = -q - 1. Let w(n) = 13*i(n) - 6*o(n). What is the units digit of w(10)?
3
Suppose 0 = -0*m + 5*m - 310. What is the units digit of m?
2
What is the tens digit of (-1 - -1) + (-90)/(-5)?
1
Suppose 5*c - 13 - 17 = 0. What is the units digit of c?
6
Let g(x) = -5*x - 2*x - 4 - 3 + 2. What is the units digit of g(-6)?
7
Let m(x) = x - 2. Let w be m(-2). Let r = w - -5. What is the units digit of r?
1
Let t(u) = -8*u + 6. What is the units digit of t(-4)?
8
Suppose -3*s + 3 = 3*i, -s + 5*i + 10 - 3 = 0. Suppose -w + 9 - 38 = -4*v, s*v - 7 = 3*w. What is the units digit of v?
8
Suppose 5*t - 7 - 3 = 0. Suppose 0*x = x - t. What is the tens digit of (-318)/(-27) - x/(-9)?
1
Let r(s) = -s**3 + 4*s**2 - 2*s + 1. Let p = 1 + 3. Let d be r(p). Let x = d + 9. What is the units digit of x?
2
Suppose 32 = 5*b - 3*v, 3*b - 20 = 3*v - v. Suppose -2*w = -0*j - b*j + 26, -4*j = -3*w - 29. What is the units digit of j?
5
Let d(p) = p**2 + 8*p - 9. Let z be 2*(-3)/2 + -4. Let k = -3 + z. What is the units digit of d(k)?
1
Let k = 110 - 52. Suppose -2*q - 2*u = -k, u + u - 151 = -5*q. What is the units digit of q?
1
Suppose -2*x - 4*i + 10 = 0, 3*i - 8 = -2*x - 0*i. Let r(t) = 33*t**3 - t**2 - t + 1. What is the tens digit of r(x)?
3
Suppose -148 = 7*r - 9*r. What is the units digit of r?
4
Suppose p + 0*p = 2. Suppose 0 = -p*o + 4*o - d - 57, -5*d = -3*o + 103. What is the tens digit of o?
2
Suppose 3*p - 80 = -2*p. Let q = p - 4. What is the tens digit of q?
1
Let h(m) = 2*m**2 - 7*m + 5. Let a(g) = g**2 - g. Let j(q) = a(q) - h(q). What is the units digit of j(4)?
3
Let x(t) = 8*t - 9. What is the units digit of x(4)?
3
Let r be 2/(-6)*(-16 + -38). What is the tens digit of 4/r + 2898/81?
3
Suppose 0 = c - 4*u - 1, 6*u = -2*c + 3*u + 2. Let q(l) = 8*l + 1. What is the units digit of q(c)?
9
Suppose 2*q + 3*k = 5*k + 42, 5*q - 105 = -2*k. What is the tens digit of q?
2
Let b be (12/(-8))/((-1)/2). Suppose -2*v + 5 = c + b*v, 3*v + 33 = 3*c. What is the units digit of c?
0
Let z = 6 - 13. Let x = z - 2. Let i = 20 + x. What is the tens digit of i?
1
Suppose 18 + 7 = 5*f. Let v(x) be the third derivative of x**4/24 - x**3/2 - 4*x**2. What is the units digit of v(f)?
2
Let k(n) = -87*n**3 + 7 - 88*n**3 + 9*n**2 + 174*n**3 + 10*n. Suppose -4*d - d = -50. What is the units digit of k(d)?
7
Let u(x) = 10*x - 31. What is the tens digit of u(6)?
2
Suppose 5*q + 4 = q. Let m = q - -12. What is the units digit of m?
1
Let d(m) = -m**2 - 12*m + 7. Let v be 2 - -6*(-1)/(-2). Suppose -3*c = v*u - 0*c + 57, u + 5*c = -7. What is the units digit of d(u)?
7
Let u(z) = z**2 - 5*z - 8. What is the units digit of u(7)?
6
Suppose 0 = -2*x - 5*r - 4 + 36, -3*r = -5*x + 49. Let z = 2 - 1. What is the units digit of (x - 3) + z/1?
9
Let k(d) = d - 4. Let g be k(6). Suppose 2*n = -3*i - 34, -g*i + 3*i - 40 = 3*n. What is the units digit of 4/n - (-406)/49?
8
Suppose 2*p = 3*p - 4. Suppose 0 = -j + p*j. Suppose 2*x = -2*v - 2, 3*x + j*v - 3*v = 21. What is the units digit of x?
3
What is the units digit of 207/3 + 4/6*-3?
7
Let c(m) = m**3 - 8*m**2 + 10*m - 4. What is the units digit of c(8)?
6
Suppose 1 + 15 = -4*v. Let r = 21 + v. What is the tens digit of r?
1
Suppose -4*u = -2*k + 34, u - 3*u + 67 = 3*k. Let v = -17 + k. What is the units digit of v?
4
Let z be (-2 - (-1 - 1))/(-1). Suppose z = 5*q + 10. What is the units digit of 1 - (q/2)/1?
2
Let m(d) = -d + 4. Let s be m(-6). Let p = s + -5. Let r = p + 2. What is the units digit of r?
7
Let t be (-1)/2 + 9/2. Suppose 11 = t*m - 33. What is the units digit of m?
1
Suppose -7*k + 132 = -547. What is the units digit of k?
7
Let s(f) = -f**3 + 4*f**2 - f. Let o(q) = -q**2. Let k(t) = -t**3 + t**2 + 4*t + 3. Let a(h) = k(h) + o(h). Let n be a(-2). What is the units digit of s(n)?
6
Let x be -4 - (2 + -4 - -2). What is the units digit of (8/2)/(x/(-8))?
8
Suppose 0 = -2*r - 5*l, 9*r - 4*l - 33 = 4*r. Suppose -3*y - q = 51, -2*y + 6*y - r*q = -87. Let n = -8 - y. What is the tens digit of n?
1
Let t be -15*(-6)/8*-4. Let c = t + 88. What is the units digit of c?
3
Let b(t) = 3*t**2 - 2*t + 3. What is the tens digit of b(-3)?
3
Let w = -13 - -19. Let v be 2 + w + (-4)/2. Let m(f) = f**2 - 4*f - 5. What is the units digit of m(v)?
7
What is the hundreds digit of ((-459)/(-6) + -1)/(1/2)?
1
Let g = 468 - 328. Suppose -3*h = 2*h + 2*a - 168, -g = -5*h + 5*a. What is the units digit of h?
2
Let o = 68 - 109. Let f = -5 - o. Suppose -y + f = 3*y. What is the units digit of y?
9
Let a(m) = -12*m**2 - 3*m**3 + 5*m - 9*m - 5 + 2*m**3. What is the tens digit of a(-12)?
4
Let i = 3 + 2. Suppose -f + c - 2 = 0, 2 + 3 = -i*f + 4*c. Let h = -2 + f. What is the units digit of h?
1
Let f(w) = -w. Let k be f(-4). Suppose 3*d - k*t - 13 = 0, 0 = 2*d - 4*d + 3*t + 7. What is the units digit of d?
1
Let p(a) be the third derivative of -a**4/24 + a**3 - a**2. Let t be p(5). Let q = t + 2. What is the units digit of q?
3
Let r = -93 - -131. Suppose m = -m + r. What is the tens digit of m?
1
Let i(z) = z**3 + 5*z**2 - 6*z + 4. Suppose -5*g - 30 = -0. Let m be i(g). Let v = m - -1. What is the units digit of v?
5
Suppose -75 = -5*d + 25. Let n = d + -15. What is the units digit of n?
5
Suppose 3*v - 24 - 216 = 0. What is the units digit of v?
0
Suppose -3*o + d + d + 4 = 0, -5*d - 21 = -2*o. Let t = 10 + o. What is the units digit of t?
8
Let k = -35 - -119. Suppose 2*u - k = -2*u. What is the tens digit of u?
2
Let a(q) = -q**3 - 3*q**2 + 9*q + 11. What is the tens digit of a(-5)?
1
Suppose 2*c = 4*c - 128. Suppose v = -2*g + 26, 4*g = -0*g - 5*v + c. What is the tens digit of g?
1
Suppose 63 = 4*y - 1. Suppose t - 5*x = -x - y, t + 15 = 5*x. Let k = t + 32. What is the tens digit of k?
1
Let f = -35 + 142. What is the hundreds digit of f?
1
Let i(y) be the third derivative of 7*y**6/40 + y**5/30 - y**4/12 + y**3/6 - 4*y**2. What is the units digit of i(1)?
2
Suppose 0 = -3*a + k + 158, k = a - k - 46. What is the tens digit of a?
5
Suppose 4*i - 7 - 25 = 0. What is the units digit of i?
8
What is the tens digit of (-10